 0. What are the prime factors of h?
17
Suppose -15 - 5 = 2*d. Let m = -7 - d. What are the prime factors of m?
3
Suppose 5*m - 2*w = 126, 4*m = -3*w + 91 - 4. List the prime factors of m.
2, 3
Suppose 3*q = 2*q. Suppose -3*z + 5 + q = -2*v, 2*z - 2*v - 2 = 0. Suppose -z*s - 25 = -4*b, -1 + 17 = 3*b - 5*s. List the prime factors of b.
7
Let k(z) = 7*z - 3. Let d be k(2). Suppose r - 4*p = -d + 1, -4*p = -12. List the prime factors of r.
2
Suppose 29 + 47 = 4*s. Let x = 28 - s. List the prime factors of x.
3
List the prime factors of 47 + (0 - (1 - 0)).
2, 23
Suppose 4*g - 3*u = 38 - 7, -5 = 5*u. Let p = 11 - g. List the prime factors of p.
2
Let n = 14 + -9. Suppose n*z + 2 = 12. Suppose 36 = z*p + 2*p. List the prime factors of p.
3
Let o(m) = m**2 - 1. Let i(h) = -h**2 - 6*h + 4. Let r(x) = i(x) + 2*o(x). Let n(t) = -2*t - 4. Let u be n(-5). What are the prime factors of r(u)?
2
Let c(n) = 3*n**2 + 9*n - 77. List the prime factors of c(11).
5, 7, 11
Let c be (1 - 5)*(-1)/2. Suppose -y + 6*y + 2*q - 35 = 0, 4*q = 3*y + 5. Suppose -w + 0 = c*o - 7, -y*w + 35 = -o. What are the prime factors of w?
7
Let f be 2/5 - (-4)/(-10). Suppose -2*p + 56 = -f*p. What are the prime factors of p?
2, 7
Suppose -9*r + 216 = -261. What are the prime factors of r?
53
Let b be 0 - 5/(5/(-2)). Let v(w) = -w + 30. Let a be v(0). Suppose u = -b*u + a. List the prime factors of u.
2, 5
Suppose 3*n = 4*z - 135, 0*n = 2*n + 2. What are the prime factors of z?
3, 11
Suppose -4*j + 55 = 15. Let f(t) = t**2 - 8*t - 7. What are the prime factors of f(j)?
13
Suppose 2*p - 115 - 9 = -5*s, 5*p + 5*s - 310 = 0. List the prime factors of p.
2, 31
Let x be -14 + 0 + 1 + 3. What are the prime factors of -3 + 7/((-7)/x)?
7
Let d be -1 + 1/((-2)/2). Let n be (-12)/(-2) - d/(-2). Suppose -3*s - 5*p = -13, 0 = n*s - p - 0*p - 31. What are the prime factors of s?
2, 3
Let c(v) = v**3 - 5*v**2 - 5*v - 2. List the prime factors of c(6).
2
Let x be (-2)/2 - (0 + -37). Suppose -2*q + x = -0*q. Suppose -2*y + 2*a + q = 0, -14 = -4*y - 5*a + 4. What are the prime factors of y?
7
What are the prime factors of ((-4)/(-8))/(2/304)?
2, 19
Let x(p) = p**2 + 7*p - 6. Let l be -2 - (8 + -2*1). Let h be x(l). List the prime factors of (-12 + h)*(-2)/2.
2, 5
Suppose -4*b - 2*y + 170 = 0, 2*b - 76 = -5*y + y. What are the prime factors of b?
2, 11
Let a(l) be the third derivative of l**5/60 + l**4/3 + l**3/6 + l**2. Let p be a(-9). What are the prime factors of p/(12/(-9) - -2)?
3, 5
Suppose 2*v + v + 4*t - 49 = 0, -2*v + 29 = -t. What are the prime factors of v?
3, 5
Let p(f) = -f**3 - 3*f**2 - 2*f - 1. Let x be p(-3). Let k(v) = 4*v - 1. List the prime factors of k(x).
19
Suppose 3*d - 4 = j, 8 = 5*d - j - 0. Suppose -l + 6 = d*l. List the prime factors of l.
2
Let r(o) = -3*o - 9. Let a be -15*((-12)/5 - -2). Suppose 0 = -i + a*i + 35. List the prime factors of r(i).
2, 3
Let o be 4/10 - (-38)/5. Suppose o*i - 7*i = 18. List the prime factors of i.
2, 3
Suppose 5*n = 36 + 414. Suppose 10 = 2*f - 5*i - 41, 2*i - n = -4*f. List the prime factors of f.
23
Let w = 51 + -3. List the prime factors of w.
2, 3
Suppose 90 = 42*r - 37*r. Suppose 3*m + 20 = -4. Let f = r + m. List the prime factors of f.
2, 5
Let v = 2 - 0. Suppose -5*b - 100 = -5*i, -5*i - v*b = -6*b - 103. List the prime factors of i.
23
Suppose 2 = 5*n - r - 12, 0 = 2*n - 3*r - 3. Let q be 25 - 3*1/n. Suppose 4*g - q = -0*g. List the prime factors of g.
2, 3
Suppose 3*o - 45 = -0. What are the prime factors of o?
3, 5
Let x = -16 - -44. List the prime factors of x.
2, 7
Suppose -3*b + 97 = x + 2*b, x - 77 = -b. Suppose 3*i = -i + x. Suppose -4*f - i - 1 = -5*y, 4 = f. List the prime factors of y.
7
Let q(a) = 40*a - 43*a + 2*a**2 - a**2. What are the prime factors of q(6)?
2, 3
Suppose -i + 18 = -2*c + 4*i, 5*c - 25 = -5*i. Let q be ((-8)/(c + -3))/(-1). What are the prime factors of (-104)/(-12) - q/(-6)?
2
Let t = -7 + 13. List the prime factors of t.
2, 3
Let h(j) = -j**2 - 6*j + 6. Let g be h(-5). Let s = 24 - g. What are the prime factors of s?
13
Suppose v + v + 17 = u, -4*v = 5*u - 1. Suppose -2*d + s - 8 = -2*s, 3*d + 12 = 3*s. Let h = d - v. List the prime factors of h.
2
Let t be 1 - (-6 + 2/1). Let p(w) = -w - 5*w**2 + 4*w - 3*w + w**3 + 2*w. What are the prime factors of p(t)?
2, 5
Suppose -6*x = -320 - 82. List the prime factors of x.
67
Suppose 2*m - 4 = 3*m. What are the prime factors of m/22 + 2718/66?
41
Let j(n) = -n + 10. Suppose -2*s = -5*s - 15. Let k = s - -5. List the prime factors of j(k).
2, 5
Let y(u) be the first derivative of 5*u**4/4 - u**3 + 2*u**2 - 2*u + 5. List the prime factors of y(2).
2, 17
Suppose -3*w + 10 = -o, w + 0*o - 2*o = -5. Let d = w - -10. List the prime factors of d.
3, 5
Suppose 222 = 3*g + 5*o - 0*o, 3*o = g - 60. Let k = g + -37. List the prime factors of k.
2
Suppose -2*q - 5*b + 31 = 0, -b = -7 + 2. Suppose -2*d = q*d - 15. Suppose -t = f + t - 19, -f = -d*t - 9. List the prime factors of f.
3, 5
Let s = 14 - -16. What are the prime factors of s?
2, 3, 5
What are the prime factors of 3/(-9) - (-138)/9?
3, 5
Let t(p) = -p**3 + 7*p**2 - 5*p - 3. Let c be t(4). Suppose 0 - c = -5*x. Suppose x*m + n = 65, 2*m = -3*n + 6 + 7. List the prime factors of m.
2, 7
Let w(u) = u**2 - 5*u - 4. Let h be w(6). Let b(j) = j + 6. Let q be b(-6). Suppose 0*n = -5*r - 3*n + 47, h*r + 3*n - 17 = q. What are the prime factors of r?
2, 5
Let y(h) = 8*h - 14. What are the prime factors of y(7)?
2, 3, 7
Let i(o) be the first derivative of o**4/2 - 2*o**3/3 - o**2/2 - o + 1. Let f be i(2). Suppose -5*l = -20, 3*l = f*b - 0*l - 18. List the prime factors of b.
2, 3
Let r = 0 + 5. Suppose 0*b + r*q - 20 = -3*b, -5*b + 2*q = 8. What are the prime factors of 12/(b/2 - -1)?
2, 3
Let l(u) = 7*u**3 + 2*u**2 - u. Let h be l(1). Suppose 4*p - h*p = -20. List the prime factors of p.
5
Suppose -3 - 5 = -p. List the prime factors of (-126 + p)/(-3 - -1).
59
Let s(w) = -2*w - 7. Let c(m) = -3*m - 8. Let r(k) = 5*c(k) - 6*s(k). Suppose 0*q = q + 3. List the prime factors of r(q).
11
Let d = -167 + 319. Let m = 54 - d. What are the prime factors of (-2)/(-10) - m/10?
2, 5
Let w = 62 - -33. Suppose -w + 35 = -4*o. Suppose -5*l = -0*l - o. What are the prime factors of l?
3
What are the prime factors of -2 + 4 - 113/(-1)?
5, 23
Suppose 325 = 7*u - 74. List the prime factors of u.
3, 19
Suppose 0 = -t + 2*t. Suppose t = 6*s - 10*s + 24. List the prime factors of s.
2, 3
Let t(d) = d**3 - d**2 + 2*d + 206. What are the prime factors of t(0)?
2, 103
Let n(s) = -s**2 + 7*s + 5. Let o be n(6). Let y = o - 1. What are the prime factors of y?
2, 5
Let g be ((-9)/15)/(1/(-5)). Suppose -2*q = g*q. Suppose q*u + u = 10. What are the prime factors of u?
2, 5
Suppose 0*d - 48 = -d. What are the prime factors of d?
2, 3
Suppose z - 4*p = 2, 0 = -3*z + 5*p - p - 18. What are the prime factors of 216/15 - (-4)/z?
2, 7
Let o = -1 - -7. Let b(w) = w**2 - 6*w - 5. Let y be b(o). Let z(u) = u**2 + u - 1. List the prime factors of z(y).
19
What are the prime factors of 6/(-9) - (-65)/3?
3, 7
Suppose -h + 3*h = 54. List the prime factors of h.
3
Let j(t) = 19*t**2 - 1. What are the prime factors of j(-1)?
2, 3
Suppose 5*n + 0*d = -2*d + 53, -3*n = -4*d - 37. What are the prime factors of n?
11
Let b = 13 - 9. Suppose -4 = -5*v + b*v. List the prime factors of v.
2
Let v = 6 - -15. List the prime factors of v.
3, 7
Let c be (12/(-10))/(12/(-40)). Suppose -c + 17 = y - g, 67 = 4*y + g. List the prime factors of y.
2
Suppose -5*a = q - 17 + 4, -5*a = -q - 17. Suppose a*u = -9 - 3. What are the prime factors of (u/(-6))/((-2)/(-27))?
3
Let g(n) = n**3 + 4*n**2 - n - 7. List the prime factors of g(-3).
5
Let b = 3 - -48. List the prime factors of b.
3, 17
Let i = 19 + -1. What are the prime factors of i?
2, 3
Suppose n = 5*k - 11, -4*k - 3*n + 7 - 2 = 0. List the prime factors of (52/8)/(1/k).
13
Let h(c) = -120*c**3 - c**2 + c + 1. What are the prime factors of h(-1)?
7, 17
Let h be (-3 - 0 - -3)/(-2). Suppose h = a - 3. List the prime factors of a.
3
Let z = 174 + -271. Let x = -59 - z. Suppose -3*k - x = -5*k. List the prime factors of k.
19
Let t(u) = -u - 4. Let b be t(-9). Suppose 2*w - 1 = b. Suppose -4 = -2*q + 2*k, 0 = -2*k - k + w. What 